{"id":18968,"date":"2023-05-25T08:45:38","date_gmt":"2023-05-25T07:45:38","guid":{"rendered":"https:\/\/www.oderland.se\/support\/?post_type=ht_kb&#038;p=18968"},"modified":"2024-01-24T13:17:07","modified_gmt":"2024-01-24T12:17:07","slug":"jag-hittar-inte-det-operativsystem-jag-onskar-anvanda-pa-min-server-i-oderland-cloud-hur-gor-jag","status":"publish","type":"ht_kb","link":"https:\/\/www.oderland.se\/support\/artikel\/jag-hittar-inte-det-operativsystem-jag-onskar-anvanda-pa-min-server-i-oderland-cloud-hur-gor-jag\/","title":{"rendered":"Jag hittar inte det operativsystem jag \u00f6nskar anv\u00e4nda p\u00e5 min server i Oderland Cloud, hur g\u00f6r jag?"},"content":{"rendered":"\n<p>Om du har specifika \u00f6nskem\u00e5l kring en viss disk image eller ett operativsystem som du vill k\u00f6ra p\u00e5 en virtuell server i <a href=\"https:\/\/www.oderland.se\/cloud\/\" target=\"_blank\" rel=\"noreferrer noopener\">Oderland Cloud<\/a> och du inte hittar det i listan \u00f6ver de tillg\u00e4ngliga systemen, f\u00f6lj <a href=\"https:\/\/www.oderland.se\/support\/artikel\/hur-laddar-jag-upp-egna-diskavbilder-i-oderland-cloud\/\">instruktionerna h\u00e4r<\/a> f\u00f6r att ladda upp en egen diskavbild.<\/p>\n","protected":false},"excerpt":{"rendered":"<p>Om du har specifika \u00f6nskem\u00e5l kring en viss disk image eller ett operativsystem som du vill k\u00f6ra p\u00e5 en virtuell server i Oderland Cloud och du inte hittar det i listan \u00f6ver de tillg\u00e4ngliga systemen, f\u00f6lj instruktionerna h\u00e4r f\u00f6r att ladda upp en egen diskavbild.<\/p>\n","protected":false},"author":12,"comment_status":"open","ping_status":"closed","template":"","format":"standard","meta":{"_acf_changed":false,"footnotes":""},"ht-kb-category":[681],"ht-kb-tag":[],"class_list":["post-18968","ht_kb","type-ht_kb","status-publish","format-standard","hentry","ht_kb_category-cloud"],"acf":[],"_links":{"self":[{"href":"https:\/\/www.oderland.se\/support\/wp-json\/wp\/v2\/ht-kb\/18968","targetHints":{"allow":["GET"]}}],"collection":[{"href":"https:\/\/www.oderland.se\/support\/wp-json\/wp\/v2\/ht-kb"}],"about":[{"href":"https:\/\/www.oderland.se\/support\/wp-json\/wp\/v2\/types\/ht_kb"}],"author":[{"embeddable":true,"href":"https:\/\/www.oderland.se\/support\/wp-json\/wp\/v2\/users\/12"}],"replies":[{"embeddable":true,"href":"https:\/\/www.oderland.se\/support\/wp-json\/wp\/v2\/comments?post=18968"}],"version-history":[{"count":4,"href":"https:\/\/www.oderland.se\/support\/wp-json\/wp\/v2\/ht-kb\/18968\/revisions"}],"predecessor-version":[{"id":21619,"href":"https:\/\/www.oderland.se\/support\/wp-json\/wp\/v2\/ht-kb\/18968\/revisions\/21619"}],"wp:attachment":[{"href":"https:\/\/www.oderland.se\/support\/wp-json\/wp\/v2\/media?parent=18968"}],"wp:term":[{"taxonomy":"ht_kb_category","embeddable":true,"href":"https:\/\/www.oderland.se\/support\/wp-json\/wp\/v2\/ht-kb-category?post=18968"},{"taxonomy":"ht_kb_tag","embeddable":true,"href":"https:\/\/www.oderland.se\/support\/wp-json\/wp\/v2\/ht-kb-tag?post=18968"}],"curies":[{"name":"wp","href":"https:\/\/api.w.org\/{rel}","templated":true}]}}

Jag hittar inte det operativsystem jag önskar använda på min server i Oderland Cloud, hur gör jag?

<p>Om du har specifika önskemål kring en viss disk image eller ett operativsystem som du vill köra på en virtuell server i <a href="https://www.oderland.se/cloud/" target="_blank" rel="noreferrer noopener">Oderland Cloud</a> och du inte hittar det i listan över de tillgängliga systemen, följ <a href="https://www.oderland.se/support/artikel/hur-laddar-jag-upp-egna-diskavbilder-i-oderland-cloud/">instruktionerna här</a> för att ladda upp en egen diskavbild.</p>

<p>Om du har specifika önskemål kring en viss disk image eller ett operativsystem som du vill köra på en virtuell server i Oderland Cloud och du inte hittar det i listan över de tillgängliga systemen, följ instruktionerna här för att ladda upp en egen diskavbild.</p>
