{"id":12043,"date":"2021-01-22T10:18:06","date_gmt":"2021-01-22T09:18:06","guid":{"rendered":"https:\/\/www.oderland.se\/support\/?post_type=ht_kb&#038;p=12043"},"modified":"2023-02-07T12:31:30","modified_gmt":"2023-02-07T11:31:30","slug":"kan-jag-andra-person-eller-organisationsnummer-pa-mitt-kundkonto","status":"publish","type":"ht_kb","link":"https:\/\/www.oderland.se\/support\/artikel\/kan-jag-andra-person-eller-organisationsnummer-pa-mitt-kundkonto\/","title":{"rendered":"Kan jag \u00e4ndra person- eller organisationsnummer p\u00e5 mitt kundkonto?"},"content":{"rendered":"\n<p>Nej, d\u00e5 en \u00e4ndring av organisations- eller personnummer inneb\u00e4r en \u00e4ndring av juridisk \u00e4gare av kundkontot kan du inte sj\u00e4lv \u00e4ndra detta. F\u00f6r att \u00e4ndra person- eller organisationsnummer som \u00e4ger en tj\u00e4nst eller dom\u00e4n beh\u00f6ver d\u00e4rf\u00f6r en \u00f6verl\u00e5telse g\u00f6ras.<\/p>\n\n\n\n<p class=\"wp-block-ht-blocks-messages wp-block-hb-message wp-block-hb-message--withicon is-style-info\">P\u00e5 <a href=\"https:\/\/www.oderland.se\/client-area\/register?lang=sv\" target=\"_blank\" rel=\"noreferrer noopener\">f\u00f6ljande sida<\/a> kan ett nytt kundkonto registreras.<\/p>\n\n\n\n<p>N\u00e4r det g\u00e4ller sj\u00e4lva \u00f6verl\u00e5telserna som s\u00e5dana har vi skrivit <a href=\"https:\/\/www.oderland.se\/support\/artikel\/hur-overlater-jag-en-doman-och-eller-tjanst\/\" target=\"_blank\" rel=\"noreferrer noopener\">den h\u00e4r guiden<\/a> som behandlar hur du g\u00f6r.<\/p>\n","protected":false},"excerpt":{"rendered":"<p>Nej, d\u00e5 en \u00e4ndring av organisations- eller personnummer inneb\u00e4r en \u00e4ndring av juridisk \u00e4gare av kundkontot kan du inte sj\u00e4lv \u00e4ndra detta. F\u00f6r att \u00e4ndra person- eller organisationsnummer som \u00e4ger en tj\u00e4nst eller dom\u00e4n beh\u00f6ver d\u00e4rf\u00f6r en \u00f6verl\u00e5telse g\u00f6ras. N\u00e4r det g\u00e4ller sj\u00e4lva \u00f6verl\u00e5telserna som s\u00e5dana har vi skrivit den&#8230;<\/p>\n","protected":false},"author":12,"comment_status":"open","ping_status":"closed","template":"","format":"standard","meta":{"_acf_changed":false,"footnotes":""},"ht-kb-category":[18],"ht-kb-tag":[],"class_list":["post-12043","ht_kb","type-ht_kb","status-publish","format-standard","hentry","ht_kb_category-avtal-och-fakturering"],"acf":[],"_links":{"self":[{"href":"https:\/\/www.oderland.se\/support\/wp-json\/wp\/v2\/ht-kb\/12043","targetHints":{"allow":["GET"]}}],"collection":[{"href":"https:\/\/www.oderland.se\/support\/wp-json\/wp\/v2\/ht-kb"}],"about":[{"href":"https:\/\/www.oderland.se\/support\/wp-json\/wp\/v2\/types\/ht_kb"}],"author":[{"embeddable":true,"href":"https:\/\/www.oderland.se\/support\/wp-json\/wp\/v2\/users\/12"}],"replies":[{"embeddable":true,"href":"https:\/\/www.oderland.se\/support\/wp-json\/wp\/v2\/comments?post=12043"}],"version-history":[{"count":3,"href":"https:\/\/www.oderland.se\/support\/wp-json\/wp\/v2\/ht-kb\/12043\/revisions"}],"predecessor-version":[{"id":18048,"href":"https:\/\/www.oderland.se\/support\/wp-json\/wp\/v2\/ht-kb\/12043\/revisions\/18048"}],"wp:attachment":[{"href":"https:\/\/www.oderland.se\/support\/wp-json\/wp\/v2\/media?parent=12043"}],"wp:term":[{"taxonomy":"ht_kb_category","embeddable":true,"href":"https:\/\/www.oderland.se\/support\/wp-json\/wp\/v2\/ht-kb-category?post=12043"},{"taxonomy":"ht_kb_tag","embeddable":true,"href":"https:\/\/www.oderland.se\/support\/wp-json\/wp\/v2\/ht-kb-tag?post=12043"}],"curies":[{"name":"wp","href":"https:\/\/api.w.org\/{rel}","templated":true}]}}

Kan jag ändra person- eller organisationsnummer på mitt kundkonto?

<p>Nej, då en ändring av organisations- eller personnummer innebär en ändring av juridisk ägare av kundkontot kan du inte själv ändra detta. För att ändra person- eller organisationsnummer som äger en tjänst eller domän behöver därför en överlåtelse göras.</p>



<p class="wp-block-ht-blocks-messages wp-block-hb-message wp-block-hb-message--withicon is-style-info">På <a href="https://www.oderland.se/client-area/register?lang=sv" target="_blank" rel="noreferrer noopener">följande sida</a> kan ett nytt kundkonto registreras.</p>



<p>När det gäller själva överlåtelserna som sådana har vi skrivit <a href="https://www.oderland.se/support/artikel/hur-overlater-jag-en-doman-och-eller-tjanst/" target="_blank" rel="noreferrer noopener">den här guiden</a> som behandlar hur du gör.</p>

<p>Nej, då en ändring av organisations- eller personnummer innebär en ändring av juridisk ägare av kundkontot kan du inte själv ändra detta. För att ändra person- eller organisationsnummer som äger en tjänst eller domän behöver därför en överlåtelse göras. När det gäller själva överlåtelserna som sådana har vi skrivit den&#8230;</p>
